ghest common divisor of 387891 and 225?
9
Calculate the greatest common factor of 2637502 and 48783.
161
What is the greatest common divisor of 79458 and 30400?
38
What is the highest common divisor of 1404864 and 5167428?
3252
What is the greatest common factor of 18457050 and 1050?
150
Calculate the highest common factor of 201 and 281661.
3
Calculate the highest common divisor of 231104 and 4370.
46
What is the highest common divisor of 217200 and 377925?
75
Calculate the highest common divisor of 62355 and 245.
5
Calculate the greatest common divisor of 76 and 1496991.
19
What is the greatest common factor of 713 and 958937942?
713
Calculate the greatest common divisor of 149508997 and 11.
11
Calculate the greatest common factor of 33651 and 520416.
9
What is the greatest common divisor of 96 and 88367028?
12
Calculate the greatest common divisor of 3575 and 2078219.
143
What is the greatest common factor of 10164607 and 3341?
257
Calculate the greatest common divisor of 1859 and 193024.
13
What is the highest common divisor of 19248 and 47312?
16
What is the greatest common divisor of 7655356 and 1148?
164
What is the highest common factor of 3865 and 114800549?
773
What is the greatest common divisor of 140 and 166722178?
14
What is the greatest common factor of 549 and 2239493?
61
What is the greatest common divisor of 3081 and 1033110?
39
What is the highest common factor of 87814 and 44654?
166
What is the highest common factor of 1089 and 8414703?
1089
Calculate the highest common divisor of 1600 and 170900.
100
What is the greatest common factor of 428 and 105154678?
214
What is the highest common divisor of 163379 and 8955?
199
What is the greatest common factor of 145856 and 551200?
1696
What is the greatest common factor of 113697 and 12420?
27
Calculate the highest common factor of 5335679 and 6317028.
6499
What is the highest common factor of 77145 and 27377301?
417
What is the greatest common factor of 31711 and 9057663?
1669
What is the highest common divisor of 77 and 58393951?
77
Calculate the highest common divisor of 67760 and 552970.
1210
What is the greatest common factor of 2189 and 1010522?
199
What is the highest common factor of 4480020 and 7380?
180
Calculate the greatest common factor of 187 and 412438003.
17
Calculate the greatest common factor of 27787 and 2405.
37
What is the greatest common factor of 332431 and 363?
11
What is the greatest common divisor of 81396 and 60588612?
4284
Calculate the highest common factor of 2235633 and 107471.
1181
Calculate the highest common divisor of 25628432 and 224.
16
What is the highest common divisor of 192 and 1563328?
64
What is the greatest common factor of 268448 and 70432?
32
Calculate the greatest common divisor of 21 and 71750343.
21
Calculate the greatest common divisor of 440431631 and 51.
17
What is the greatest common factor of 160760740 and 385?
35
Calculate the greatest common factor of 7692 and 1215108.
12
What is the highest common factor of 91801 and 288?
1
What is the highest common factor of 60 and 19601310?
30
What is the greatest common factor of 25617360 and 1040?
80
Calculate the highest common divisor of 7857325 and 236.
59
Calculate the highest common factor of 24163800 and 240.
120
Calculate the highest common factor of 19514754 and 33306.
2562
What is the greatest common factor of 449513 and 5328?
37
What is the greatest common divisor of 1111 and 8590757?
101
Calculate the greatest common divisor of 13 and 2674832147.
13
Calculate the greatest common factor of 75592435 and 185.
5
What is the greatest common factor of 161559700 and 7375?
1475
What is the greatest common divisor of 2501 and 32605659?
61
What is the greatest common factor of 7280 and 1891240?
520
What is the greatest common divisor of 1991441050 and 50?
50
Calculate the highest common factor of 14 and 11951618.
14
Calculate the greatest common factor of 34080309 and 1629.
1629
What is the highest common divisor of 2716 and 17353106?
194
What is the greatest common factor of 1150558 and 6185150?
2402
What is the greatest common factor of 1664 and 6236464?
208
What is the greatest common divisor of 2942169 and 1169583?
4047
What is the greatest common divisor of 59953 and 137497?
359
Calculate the greatest common divisor of 60120 and 7173485.
835
Calculate the greatest common divisor of 7062392 and 15512.
2216
What is the greatest common factor of 96762776 and 12496?
6248
Calculate the highest common divisor of 78156 and 71136.
468
What is the highest common factor of 26238744 and 936?
72
Calculate the highest common factor of 91050 and 1270.
10
What is the highest common factor of 251592 and 274296?
264
What is the highest common divisor of 8 and 317604780?
4
Calculate the greatest common factor of 684 and 6605730.
342
What is the greatest common divisor of 37164 and 171639?
489
Calculate the greatest common factor of 7534 and 257613829.
3767
Calculate the greatest common divisor of 143 and 65295186.
11
Calculate the greatest common divisor of 215394871 and 74.
37
Calculate the greatest common factor of 309075 and 2505.
15
What is the greatest common divisor of 284 and 1570292?
4
What is the greatest common divisor of 33428850 and 3255?
3255
What is the greatest common divisor of 664 and 53680?
8
What is the highest common factor of 312827 and 5229?
83
Calculate the greatest common factor of 4592 and 105343924.
1148
Calculate the greatest common divisor of 320 and 1995430.
10
Calculate the greatest common factor of 722 and 14839266.
722
What is the highest common factor of 681030 and 534?
6
Calculate the greatest common factor of 567124734 and 462.
66
Calculate the highest common factor of 7560480 and 824026.
1658
What is the highest common factor of 82959220 and 20?
20
Calculate the greatest common divisor of 143433244 and 46.
46
Calculate the highest common factor of 768 and 10101216.
96
Calculate the greatest common divisor of 3659621 and 4440793.
8491
What is the highest common factor of 1344 and 2257728?
192
Calculate the highest common factor of 422 and 177531602.
422
Calculate the highest common factor of 4070901 and 9.
3
What is the highest common factor of 116591972 and 112?
28
What is the highest common divisor of 6195 and 1769000835?
6195
Calculate the greatest common factor of 46 and 5787099.
23
What is the greatest common factor of 353110605 and 17106?
8553
What is the greatest common factor of 215735 and 765?
5
Calculate the greatest common factor of 63 and 850184328.
21
Calculate the greatest common factor of 3854 and 3328093.
41
What is the greatest common factor of 164556 and 5666220?
252
Calculate the highest common factor of 4732646 and 217.
31
What is the greatest common divisor of 31528848 and 468?
156
What is the highest common factor of 58971770 and 326?
326
What is the greatest common factor of 33480 and 550584?
216
Calculate the greatest common divisor of 131541597 and 1683.
1683
Calculate the greatest common divisor of 401425899 and 21.
21
Calculate the greatest common divisor of 2644586 and 434.
14
Calculate the highest common factor of 162015619 and 7214.
3607
Calculate the highest common factor of 6 and 714640566.
6
Calculate the highest common factor of 445489 and 968.
11
Calculate the highest common divisor of 7921383 and 26301.
2391
Calculate the highest common divisor of 30982418 and 2872.
718
Calculate the highest common divisor of 4 and 40348460.
4
What is the highest common factor of 30584380 and 3340?
3340
What is the highest common divisor of 281159 and 9?
1
Calculate the highest common divisor of 61143951 and 2805.
561
Calculate the highest common factor of 696 and 903524.
116
Calculate the highest common divisor of 2888 and 12271112.
2888
Calculate the greatest common divisor of 150793 and 2929.
101
Calculate the greatest common divisor of 115002 and 25812.
18
Calculate the highest common divisor of 2098517 and 10696.
191
Calculate the highest common factor of 3 and 250781667.
3
What is the greatest common factor of 14256 and 75989826?
1782
What is the highest common factor of 1732096 and 62088?
1592
What is the greatest common divisor of 168485 and 2555537?
1087
Calculate the greatest common factor of 5056528980 and 10.
10
What is the gr